me number?
True
Let a(y) = -y**3 - 4*y**2 - 6*y - 2. Let r(z) = -z - 13. Let m be r(-7). Let j be m/(-21) - 74/14. Is a(j) a prime number?
True
Let q(m) = -m**3 - 7*m**2 + 3*m - 3. Suppose 3*g + 12 = -0*g - 4*s, -4*g - 20 = 4*s. Is q(g) a prime number?
True
Let g be (-44*2/2)/(-1). Suppose 0*u = -4*u + 36. Let z = g + u. Is z composite?
False
Let r be 2/8 + 44/16. Suppose -s + 308 = 4*h + s, 4*h = -r*s + 304. Is h a prime number?
True
Suppose -457 = 8*o - 7809. Is o a composite number?
False
Let w(h) = 2*h + 3 - 11 + 1 + 10*h**2. Is w(-4) prime?
False
Is 3986*1*23/46 a composite number?
False
Let r(c) = c**3 + 12*c**2 - 3*c + 3. Is r(-11) composite?
False
Suppose 2*o = -r + 1, -o + 3 = -5*r - 14. Suppose o*p = -24 + 138. Suppose 0 = -3*v + 96 + p. Is v composite?
True
Let j = 1047 - 260. Is j prime?
True
Let j = -2 - -4. Let p be 3/j*(-4)/6. Let w(i) = 13*i**2 - i. Is w(p) composite?
True
Let u(x) = 4*x - 2. Let i(c) = -12*c + 7. Let f(a) = 2*i(a) + 7*u(a). Let n be f(-1). Let d = 15 - n. Is d prime?
True
Suppose 5*w - w - 133 = -5*h, 0 = -4*h + 3*w + 94. Suppose 3*q = h + 17. Suppose 4*d - 38 = q. Is d a prime number?
True
Let r = -92 - -174. Is r prime?
False
Suppose 0 = -y - 5*w + 734, -w + 0*w + 5 = 0. Is y a prime number?
True
Suppose -4*s = 4*a - 220, 0*a = 5*s - 5*a - 305. Suppose -j - 455 = 4*j. Let n = s - j. Is n a composite number?
False
Suppose 0 = 39*m - 34*m - 6995. Is m a prime number?
True
Let b be (3 - 13)*(-3)/5. Is 262/4 - 3/b composite?
True
Let l = 1832 - 891. Is l a composite number?
False
Suppose -2*s + 0 = -8. Let r(k) = 13*k + 5. Is r(s) composite?
True
Let n = -173 - -123. Let p = 17 - n. Is p a composite number?
False
Let i = 620 + 172. Suppose -5*v + i = 4*a - v, a - 4*v = 213. Is a prime?
False
Suppose -49 + 13 = 4*h. Let o = 24 + h. Is o prime?
False
Suppose 5*n + 2*o - 22 = 0, 2*n - o - 4*o - 3 = 0. Let v(y) = -y**2 + 4*y - 3. Let h be v(3). Suppose 3*z - n*d = 101, -3*z - 2*d = -h*z - 89. Is z composite?
False
Let v(i) = i**3 + 10*i**2 + 10. Let w be v(-11). Suppose -h + 640 = 3*h. Let b = h + w. Is b prime?
False
Suppose -4*c - c = -40. Is 214/10 + c/(-20) prime?
False
Let y(q) = q**3 - q**2 - 2*q - 1. Let b be y(-1). Let p = b - -6. Suppose -p*l = -26 - 39. Is l a prime number?
True
Let s(i) = -4 + 5*i**3 - 4*i + 1 + i**2 - 4*i**3. Let u be s(-2). Is u*2*(-66)/(-4) a composite number?
True
Let h = 38 + 78. Let f = h - 3. Is f a prime number?
True
Let n = -11676 - -19961. Is n composite?
True
Suppose 0 = -0*h - h - 3. Let p be (2/h)/((-16)/(-72)). Is ((-9)/6 - p)*22 a prime number?
False
Suppose 2*l - 21 = 69. Suppose -3*m = -2*m - 18. Suppose -g + m = d, 3*d - 4*g - 44 = l. Is d prime?
True
Suppose 2*x - 461 = 329. Suppose 73 = -2*u + x. Is u a composite number?
True
Let z = -213 - -424. Is z composite?
False
Suppose -28*x = -22*x - 23742. Is x prime?
False
Let x(n) = -n**2 + 5*n + 8. Let b be x(6). Suppose -1 = l, l = -3*a - b*l + 708. Suppose 5*s - a = -2*u, 48 = s - 3*u + 4*u. Is s a prime number?
True
Suppose 0 = -4*u + 7 + 1. Suppose 75 = u*z - 11. Is z a composite number?
False
Suppose 0*y + 4*k = 5*y - 31, 0 = -2*y + 2*k + 12. Is y composite?
False
Let k(r) = -15*r + 3 + 1 - 1. Let c be k(-3). Suppose -o - o + 101 = 3*t, -o + t = -c. Is o composite?
True
Let y(u) = -13*u - 5. Is y(-2) prime?
False
Suppose -4*j = k - 1831, -5*k - j + 10579 = 1348. Is k prime?
True
Let p = -12 + 15. Is (-771)/p*(-3 + 2) prime?
True
Let t = -26 + 217. Is t a composite number?
False
Let d = 24 - 11. Is 141/d - (-10)/65 composite?
False
Suppose -2*y + 98 + 234 = 0. Is y a composite number?
True
Let g = 6 + -6. Suppose g*o + 5*o = 175. Is o composite?
True
Let h(x) = x**3 + 5*x**2 + 4*x + 5. Let l be h(-4). Let m(d) = -2*d + 2. Let a be m(l). Is 60/a*(-8)/10 composite?
True
Let z(v) = 2*v**2 + 3*v + 3. Let r be z(7). Let m = -1 + r. Is m a prime number?
False
Let z be (-3 - (-13)/3)*3. Suppose z*n - 106 - 706 = 0. Is n composite?
True
Suppose 2*z = 5*l - 30, 0 = 4*l - 4*z - 4 - 8. Let k(v) = -15*v**3. Let u be k(-1). Let b = l + u. Is b a composite number?
False
Let b(a) = a**3 + 7*a**2 - 10*a + 10. Let v be b(-8). Suppose 0 = -4*k + 2*k - s + 10, 4*s = 3*k - v. Is k prime?
False
Suppose -3*d + d + 184 = 2*i, -i = -5*d + 454. Is d prime?
False
Let w = 51 - -394. Is w composite?
True
Suppose 15 = -3*c, 10 = 2*u + 3*u - c. Is 140 + (0/1 - u) prime?
True
Let r(g) = -3 + 4*g - 3*g + 4*g**2 + 5. Is r(-3) a composite number?
True
Suppose -3*v - 4*v + 4585 = 0. Is v prime?
False
Suppose v + 326 = -160. Let w = 701 + v. Suppose 3*c + 37 = 3*y - 113, -c - w = -4*y. Is y prime?
False
Let d(b) = 14*b + 2. Let v be d(7). Let z = -65 + v. Is z prime?
False
Suppose 5*a - 3*o - 1376 = 86, -2*a = 5*o - 591. Is a prime?
True
Suppose -2*a = -5*a - n + 2043, -2*a + 1362 = 2*n. Is a a composite number?
True
Let m(y) = 2*y**2 + 3*y + 5. Is m(-8) composite?
False
Suppose 8 = 3*w - 7. Suppose 2*j - j = 71. Suppose -j = -w*h + 84. Is h composite?
False
Suppose 5*m + 19 + 21 = 0. Is (-124)/(-6)*(-12)/m a prime number?
True
Suppose 0 = -3*v - v + 4. Is (-993)/3*(v + -2) a prime number?
True
Is ((-1)/2)/(115797/(-38598) + 3) composite?
True
Suppose -5*a + 29 = -c - 0*c, 4*c + 31 = 3*a. Let g = c + 22. Is 9*(-3)/g*-2 a composite number?
False
Let d = 3 - 1. Suppose -4*c + 2 = -6. Suppose -c*i = 2*m - 82, 0 = -3*m + 8*m + d*i - 199. Is m a prime number?
False
Is (79/3 + 0)*3 a composite number?
False
Let k(d) = 9*d**2 + 12*d - 11. Is k(-8) a prime number?
False
Suppose 339 = 3*d - 2*r, -2*d - r + 239 = 2*r. Is d a prime number?
False
Let d(b) = -575*b - 2. Let x be d(-2). Let f = -819 + x. Is f a prime number?
False
Let r be (1 + -18)/1 - 3. Let m = 69 - r. Is m composite?
False
Suppose 5*h = 3*o - 625, 4*o - 30 = -5*h + 780. Is o prime?
False
Let h = 1159 - 780. Is h composite?
False
Suppose 0*u + u + 3*j = -4, -5*u + 22 = j. Suppose u*o - 48 = 2*o. Let q = o - -3. Is q a prime number?
True
Suppose 5*j = 4*y + 2, -3*j + y = -6*j + 8. Is 3 + 2 + j + -3 composite?
True
Let t(f) = f**2 - 3*f - 3. Let g be t(7). Let q = -15 + g. Is q a composite number?
True
Let w(s) = 9*s**3 + 4*s**2 - 4*s - 2. Let z be w(-4). Let f be (-1)/3 + z/(-9). Suppose -f = -3*k + 11. Is k a composite number?
True
Let m be 24*((-60)/9)/(-4). Let a = m - 0. Suppose 7 = v - a. Is v prime?
True
Let l(d) = 5*d**2 - 3*d - 2. Let v(o) = 10*o**2 - 6*o - 3. Let t(z) = -5*l(z) + 3*v(z). Is t(3) prime?
True
Suppose 2*m + 135 = 5*r - 130, 0 = -3*m + 4*r - 394. Let d = -35 - m. Is d a prime number?
False
Let o = 28 - 15. Let z(p) = -p**2 - o*p + 13*p - 5 + 13*p. Is z(8) prime?
False
Suppose -3*j + 111 + 129 = 0. Suppose -3*k - j = -v - 0*v, v - 4*k = 78. Is v composite?
True
Is ((-463995)/(-49) - 6/21)*1 composite?
True
Let f be (2/5)/(4/20). Suppose 0*h = -f*h + 98. Is h a composite number?
True
Suppose -2*p + 0 + 6 = 0. Suppose -2*a + 889 = -p*q + 4*q, -3*a = -2*q - 1337. Is a prime?
False
Let a(h) = h**3 - 3*h**2 - 3*h - 1. Let k be a(4). Let n(l) = 7*l**3 - 4*l + 2. Is n(k) a composite number?
False
Suppose -3*n = 4*k - 25, 0 = -2*n + 4*n + k - 10. Suppose n*u - 4*u + 397 = 0. Is u a composite number?
False
Let m(q) = 8*q**3 - 5*q**2 - 3*q + 6. Let u be m(4). Suppose 5*s + u = 2*p + s, 3*s = 4*p - 827. Is p a composite number?
True
Suppose -3*x + 18 = -6. Let c = x + -6. Is (27 - 1) + -1 - c a prime number?
True
Suppose 0 = 3*t + 5*v - 55, 3*t - 27 = 3*v + 36. Is 4/(-10) + 688/t a prime number?
False
Let t = 3 - -1. Suppose l + 21 = -5*i + 2, i + 19 = -t*l. Let w = i - -16. Is w composite?
False
Suppose 4*r = -6*g + 3*g - 96, -4*g + 3*r = 128. Let b be (30/4)/((-1)/(-18)). Let x = g + b. Is x a composite number?
False
Let u(c) = -c + 3. Is u(-4) a composite number?
False
Let t(n) = 2*n - 12. Let v be t(8). Suppose -2*i + l + 632 = 3*i, 520 = v*i + 4*l. Is i composite?
False
Is ((-444)/(-8))/3*4 a composite number?
True
Suppose 3*y = 2*d + 929, y - 196 - 103 = -2*d. Is y composite?
False
Suppose -5*t + 3*z = -25, -t + z = 3*z + 8. Let s = 444 + -124. Suppose r - t*r = 4*u - s, 3*r + 383 = 5*u. Is u prime?
True
Suppose 8*a = 5*a + 6. Let f be a + -2 + 0/(-1). Suppose f*v + 5*v = 175. Is v a prime number?
False
Let b be (-354)/(-4) - 3/(-6). Suppose -5*a + 2*w - 4*w + 31 = 0, 0 = 5*a - 5